 -5*l = -i + 134. Is i a prime number?
True
Let u(h) = -52*h - 7. Let p = 16 - 19. Is u(p) a prime number?
True
Let g(v) = -v**3 + 4*v**2 + 10*v - 22. Let b be (-15)/(-10)*(-12)/(-9). Let o be ((-2)/b)/(1/9). Is g(o) a prime number?
True
Let k = 2923 + 4384. Is k composite?
False
Let x = -259 + -50. Is ((-18)/(-54))/((-1)/x) a prime number?
True
Let i(v) = 2*v**2 - 6. Let c be i(3). Is 552 - c - (0 + -1) prime?
True
Let q(v) = -v**2 + 7*v - 2. Let f be q(6). Suppose 0*t - x = -5*t + 23, f*t + 3*x - 7 = 0. Let r(g) = 11*g**2 + 5*g - 5. Is r(t) prime?
True
Let d(i) = 2293*i + 9. Suppose 4*t + 7 - 15 = 0. Is d(t) prime?
False
Let n = 89 + -117. Is (-1*(-6349)/n)/(2/(-8)) prime?
True
Suppose -2*j = -6 - 4. Let i = j - 0. Suppose -i*t + 2*t = -573. Is t composite?
False
Let w = 1 + 2. Suppose -5*u - 3*t = -5*t - 8005, -w*u + 4803 = -4*t. Is u a prime number?
True
Let n = -568 + 1465. Is (21/3)/(-2 - n/(-447)) a composite number?
True
Let s = -51 - -53. Suppose -s*l - 3*l + 4155 = 5*b, -b = -2*l - 831. Is b composite?
True
Suppose 2*p + 205 = b, 0*b = 2*b + 3*p - 403. Is b a composite number?
True
Let t be 232/1 + -14 + 13. Let a = 1418 + t. Is a a composite number?
True
Let m be (-1 + -1889)*2/(12/(-9)). Let i = m + -1684. Is i a prime number?
True
Let i(n) = 30*n + 12. Let a be i(2). Suppose -3*x = a - 117. Is x a prime number?
False
Suppose 5*a = 1 + 674. Let h = a + -232. Is h/(1 - (-3 + 5)) prime?
True
Let n be 5079/45 - (-4)/30. Let m = n + 474. Is m prime?
True
Let q(u) = 181*u + 29. Let y(c) = -90*c - 14. Let n(r) = -3*q(r) - 7*y(r). Is n(4) a composite number?
False
Let y(g) = -2*g + 4*g**3 - 13*g + 15*g + 3 - 12*g**2. Is y(5) prime?
False
Suppose -25 = 5*v, -5*j + 70 - 205 = 2*v. Let o = 212 - j. Is o composite?
True
Let k(b) = 59*b + 110. Is k(4) a composite number?
True
Let a be (-2 - 0) + (115 - 5). Let b = a + -23. Is b a prime number?
False
Let g(l) = -l + 2. Let n be g(-7). Let k(s) = s**2 + 2. Is k(n) composite?
False
Suppose 0 = -5*l + 8537 - 247. Is l a prime number?
False
Let d = -1 + 2. Let z be 132*(-1)/(d - 4). Is 3/24*22*z a composite number?
True
Suppose b + 3*b = 36. Let l = 115 - b. Is l a composite number?
True
Suppose -b + 27785 = 4*t, -36*t - 6956 = -37*t + 3*b. Is t prime?
True
Suppose 10*p = -p. Suppose p*x = 8*x - 15512. Is x a composite number?
True
Suppose -k = -0*k - 15. Let m = -12 + k. Is m/((-3)/2) - -23 a prime number?
False
Let t(a) = 103*a**2 - 4. Let h(q) = q**3 + 3*q**2 + 2*q + 3. Let w be h(-3). Is t(w) a prime number?
False
Suppose -5*c + 20457 = 3247. Suppose c = w + 979. Is w prime?
False
Let k(j) be the second derivative of j**5/20 + 4*j**4/3 - 14*j**3/3 - 5*j**2 - 19*j. Is k(-15) prime?
False
Suppose -4 = 2*u, 0 = 3*o - 4*u + u + 15. Let v(c) be the second derivative of -17*c**3/6 + 4*c**2 - c. Is v(o) a prime number?
True
Let k = 3758 + -595. Is k prime?
True
Let f(m) = -5*m + 38. Let z be f(8). Is (-3)/6*1817*z a composite number?
True
Suppose -4*l = 4*k - 224440, 0 = -17*l + 13*l - 2*k + 224446. Is l prime?
True
Suppose 0 = 56*u - 52*u - 93452. Is u prime?
False
Let s = 1509 + -859. Let l = -352 + s. Is l prime?
False
Suppose t - 1475 = 15*g - 12*g, -2*t = 2*g - 2958. Is t prime?
False
Let j(u) = -8*u**2 - 9*u + 2. Let h(s) = -2*s + 2. Let m be h(-3). Let z be j(m). Let b = 953 + z. Is b a prime number?
False
Let n(w) be the third derivative of w**6/120 - w**5/30 - w**4/8 + 2*w**3/3 + 9*w**2. Let y be n(3). Let c(h) = 4*h**2 - h - 5. Is c(y) prime?
False
Let x be (-8)/(-16)*2*3. Suppose -2*s = 3*p + p - 476, x*s = -3*p + 723. Suppose 4*r = 520 + s. Is r a composite number?
False
Suppose 5*q - 7*q = 446. Let t = q + 486. Is t composite?
False
Let i be 133/(-28)*(13 - 1). Let c = i + 146. Is c a composite number?
False
Is -16788*5/(-5) + (16 - 23) a composite number?
True
Let d(s) = -21*s**3 + 3*s**2 - 3*s + 2. Let t be d(-4). Let o = 1638 + -965. Let j = t - o. Is j prime?
True
Let o(x) = -x - 9. Let p be o(-7). Let i be 7/p*-2 + -4. Suppose 4*n = 4*a - 688, 4*a - i*n + 86 = 771. Is a composite?
True
Let q(w) = w**3 - 6*w**2 + 7*w - 1. Let m be q(4). Is 3490 + (-30)/m + -5 a prime number?
True
Let h = 9397 - 4554. Is h composite?
True
Let p(s) be the second derivative of -s**5/20 + s**4/6 - s**3 + 2*s**2 - 14*s. Is p(-5) prime?
False
Suppose -28*m + 204316 = -0*m. Is m prime?
True
Suppose 0 = -59*t - t + 298020. Is t a prime number?
True
Let m = -1532 - 445. Let w = -928 - m. Is w a prime number?
True
Is (8/8)/(2 - 52671/26337) a prime number?
True
Let r(u) = 2*u**3 - u**2 + 4. Let q be 7 + 22 - (5 - 1). Suppose 7*c - 4*c = 15, -5*v + q = -2*c. Is r(v) a prime number?
True
Let j(b) = -b**3 + 2*b + 633. Suppose -2*q = -2 - 4, -3*n - 5*q + 15 = 0. Is j(n) composite?
True
Is 6/(-4) + (882321/(-6))/(-11) prime?
True
Let f = -1612 + 4005. Is f a composite number?
False
Let l = -115 - -234. Let w be (-8)/((-8)/(-1))*-5. Suppose -3*f = 3*t - t - 53, -w*t = 3*f - l. Is t a prime number?
False
Let d(w) = -222*w**3 + 2*w**2 - w - 9. Is d(-2) composite?
False
Suppose -3*l + 3*k + 343 = 49, 88 = l + 4*k. Suppose 4*u - 3*q - 141 = 0, 3*u + q = -0*u + l. Is u a prime number?
False
Let c(b) = 7*b**2 - 9*b + 127. Is c(24) a composite number?
False
Let q be 16/(-20)*(-1)/((-1)/(-555)). Let w = 663 - q. Is w a prime number?
False
Is -3*1*(-1 - 247864/24) composite?
True
Suppose -2*f + 1360 = -0*f. Let o = -475 + f. Is o composite?
True
Suppose 0 = -9*a + 421 + 110. Is a prime?
True
Suppose 20*b - 45515 = 15*b. Is b a prime number?
True
Is (19 + -28)*(-347)/3 prime?
False
Let h = 127155 - -11912. Is h composite?
False
Let w(p) = -86*p**3 + 7*p**2 - 11*p. Let y be w(-9). Is (-4)/(-14) + y/63 composite?
True
Let n(u) = -10*u + 272. Let t be n(26). Suppose -s - 1630 = -3*s. Suppose s = t*z - 7*z. Is z prime?
True
Suppose 10*f + 15650 - 46920 = 0. Is f a composite number?
True
Let j(c) = -91*c + 5. Suppose -5*y + 3*g - 1 = 3, 2*g + 12 = -4*y. Is j(y) a composite number?
True
Let n(q) = 166 + 675 - 44*q + q**2 + 45*q. Is n(0) prime?
False
Let s(j) = -934*j**2 - 3*j + 4. Let g be s(2). Is (20/(-60))/(2/g) a composite number?
True
Let f be 682 + 7/((-28)/8). Suppose 4*r + 1552 - 4293 = 5*m, -r + 3*m = -f. Is r prime?
False
Suppose 2*f - f = 5*n + 3, -3*n = -4*f + 12. Suppose z + 3 = n, 2*o - 7 = 2*z + 1. Is 44/16*(213 - o) composite?
True
Suppose 4*o - 109 = -r - 0*r, -5*r + 608 = -o. Suppose 3*z = 212 + r. Is z a prime number?
False
Let t = 2383 - 965. Is t a prime number?
False
Suppose -5*u + 4*p + p = 5, -4*p = 2*u - 22. Suppose -1149 = -u*d + 3*z, -d - 7*z = -3*z - 378. Is d a prime number?
False
Let v(z) = 10*z**2 + 12*z + 13. Let a be v(-8). Suppose 5*s + 72 - a = 0. Is s composite?
False
Let u(r) be the second derivative of -7*r**5 + r**4/6 + r**3/6 - 5*r. Let j be u(-1). Suppose 0*c = 3*c - j. Is c a composite number?
False
Let j(p) = -p - 5. Let t be j(-8). Is -1 + -2 + t - -23 a composite number?
False
Let j be ((-3)/(-15))/(3/30). Suppose -2*p - 92 = -j*d, 0 + 10 = 2*p. Is d composite?
True
Let y = -4396 + 6526. Suppose -4*q + 4212 = -2*s, -3*q = -q + 5*s - y. Is q composite?
True
Suppose -4*g + 35 = -3*p - 981, -255 = -g + p. Is g a prime number?
True
Suppose 3*m - 5 = -23. Let f = -1 - m. Is -3 + f - (2 - 77) a composite number?
True
Suppose 3*o - 3083 = 3*u + 16816, -4*u = -16. Is o composite?
False
Let p(s) = 6*s**2 + 70*s - 31. Is p(32) composite?
False
Let l be 2/4*-8*9/(-12). Is (l*(-6)/(-18))/(1/2611) prime?
False
Is ((-46215)/(-6) - 7/14) + 7 composite?
True
Let k be -2*6/(-4) - 9033. Let n be -1*2*k/28. Is n/12 - 6/8 a prime number?
True
Let c(k) = k**3 + 31*k**2 - 51*k + 33. Is c(-32) a composite number?
False
Let n = 23 + -52. Let c = n - -32. Suppose 320 = c*z + 98. Is z composite?
True
Suppose -294 = 4*c - 3*l - 7028, -6730 = -4*c + 5*l. Suppose f = 5*y - c, 80 + 257 = y + f. Is y a prime number?
True
Suppose 76*s - 14546 = 62*s. Is s composite?
False
Suppose 0 = 2*m - 2, -3*s + 197 = -8*s - 3*m. Let t = s - -51. Is t a prime number?
True
Let q be ((-4)/(-5))/(16/(-200)). Let k(l) = l**3 + 3*l**2 + l + 5. Let v be k(-4). Is 4/q - 321/v a composite number?
True
Is 40/32*8 - -22807 prime?
True
Let j = 486 - -71. Is j composite?
False
Suppose -2*k - 7*p + 2745 = -2*p, -2700 = -2*k + 4*p. Suppose 3